{"id":9,"date":"2012-09-20T09:04:32","date_gmt":"2012-09-20T09:04:32","guid":{"rendered":"http:\/\/wsrodnas.pl\/?page_id=9"},"modified":"2025-07-09T10:45:16","modified_gmt":"2025-07-09T09:45:16","slug":"o-nas","status":"publish","type":"page","link":"https:\/\/wsrodnas.pl\/?page_id=9","title":{"rendered":"O nas"},"content":{"rendered":"<p>&nbsp;<\/p>\n<p><strong>17 kwietnia 2007r.<\/strong> Stowarzyszenie zosta\u0142o zarejestrowane i wszcz\u0119\u0142o swoj\u0105 dzia\u0142alno\u015b\u0107. Cz\u0142onkami stowarzyszenia s\u0105 rodzice i nauczyciele.<\/p>\n<p>&nbsp;<\/p>\n<p>Do zarz\u0105du wybrano:<\/p>\n<p>Halina Szulewska &#8211; przewodnicz\u0105ca<\/p>\n<p>Agnieszka Joanna Turowska- wiceprzewodnicz\u0105ca<\/p>\n<p>Ewa Powa\u017ca &#8211; sekretarz<\/p>\n<p>Iwona Bagi\u0144ska &#8211; skarbnik<\/p>\n<p>Iwona Respondek &#8211; cz\u0142onek<\/p>\n<p>Komisj\u0119 rewizyjn\u0105 tworz\u0105:<\/p>\n<p>Ewa \u0141oboda &#8211; przewodnicz\u0105ca<\/p>\n<p>Joanna Turkowska -cz\u0142onek<\/p>\n<p>Agata Renda &#8211; cz\u0142onek<\/p>\n<p><a href=\"http:\/\/wsrodnas.pl\/wp-content\/uploads\/2012\/09\/logownopp.jpg\" rel=\"lightbox[9]\"><img loading=\"lazy\" decoding=\"async\" class=\"aligncenter size-medium wp-image-84\" title=\"logownopp\" src=\"http:\/\/wsrodnas.pl\/wp-content\/uploads\/2012\/09\/logownopp-300x145.jpg\" alt=\"\" width=\"300\" height=\"145\" srcset=\"https:\/\/wsrodnas.pl\/wp-content\/uploads\/2012\/09\/logownopp-300x145.jpg 300w, https:\/\/wsrodnas.pl\/wp-content\/uploads\/2012\/09\/logownopp.jpg 949w\" sizes=\"(max-width: 300px) 100vw, 300px\" \/><\/a><\/p>\n<p>&nbsp;<\/p>\n\n\n<p><a href=\"https:\/\/wsrodnas.pl\/wp-content\/uploads\/2025\/07\/Standardy_-_wersja_skrocona_dla_maloletnich.pdf\" data-type=\"link\" data-id=\"https:\/\/wsrodnas.pl\/wp-content\/uploads\/2025\/07\/Standardy_-_wersja_skrocona_dla_maloletnich.pdf\">Standardy ochrony ma\u0142oletnich<\/a><\/p>\n","protected":false},"excerpt":{"rendered":"<p>&nbsp; 17 kwietnia 2007r. Stowarzyszenie zosta\u0142o zarejestrowane i wszcz\u0119\u0142o swoj\u0105 dzia\u0142alno\u015b\u0107. Cz\u0142onkami stowarzyszenia s\u0105 rodzice i nauczyciele. &nbsp; Do zarz\u0105du wybrano: Halina Szulewska &#8211; przewodnicz\u0105ca Agnieszka Joanna Turowska- wiceprzewodnicz\u0105ca Ewa Powa\u017ca &#8211; sekretarz Iwona Bagi\u0144ska &#8211; skarbnik Iwona Respondek &#8211; cz\u0142onek Komisj\u0119 rewizyjn\u0105 tworz\u0105: Ewa \u0141oboda &#8211; przewodnicz\u0105ca Joanna Turkowska -cz\u0142onek Agata Renda &#8211; cz\u0142onek [&hellip;]<\/p>\n","protected":false},"author":1,"featured_media":0,"parent":0,"menu_order":0,"comment_status":"open","ping_status":"open","template":"","meta":{"footnotes":""},"_links":{"self":[{"href":"https:\/\/wsrodnas.pl\/index.php?rest_route=\/wp\/v2\/pages\/9"}],"collection":[{"href":"https:\/\/wsrodnas.pl\/index.php?rest_route=\/wp\/v2\/pages"}],"about":[{"href":"https:\/\/wsrodnas.pl\/index.php?rest_route=\/wp\/v2\/types\/page"}],"author":[{"embeddable":true,"href":"https:\/\/wsrodnas.pl\/index.php?rest_route=\/wp\/v2\/users\/1"}],"replies":[{"embeddable":true,"href":"https:\/\/wsrodnas.pl\/index.php?rest_route=%2Fwp%2Fv2%2Fcomments&post=9"}],"version-history":[{"count":1,"href":"https:\/\/wsrodnas.pl\/index.php?rest_route=\/wp\/v2\/pages\/9\/revisions"}],"predecessor-version":[{"id":1789,"href":"https:\/\/wsrodnas.pl\/index.php?rest_route=\/wp\/v2\/pages\/9\/revisions\/1789"}],"wp:attachment":[{"href":"https:\/\/wsrodnas.pl\/index.php?rest_route=%2Fwp%2Fv2%2Fmedia&parent=9"}],"curies":[{"name":"wp","href":"https:\/\/api.w.org\/{rel}","templated":true}]}}

<p>&nbsp;</p>
<p><strong>17 kwietnia 2007r.</strong> Stowarzyszenie zostało zarejestrowane i wszczęło swoją działalność. Członkami stowarzyszenia są rodzice i nauczyciele.</p>
<p>&nbsp;</p>
<p>Do zarządu wybrano:</p>
<p>Halina Szulewska &#8211; przewodnicząca</p>
<p>Agnieszka Joanna Turowska- wiceprzewodnicząca</p>
<p>Ewa Poważa &#8211; sekretarz</p>
<p>Iwona Bagińska &#8211; skarbnik</p>
<p>Iwona Respondek &#8211; członek</p>
<p>Komisję rewizyjną tworzą:</p>
<p>Ewa Łoboda &#8211; przewodnicząca</p>
<p>Joanna Turkowska -członek</p>
<p>Agata Renda &#8211; członek</p>
<p><a href="http://wsrodnas.pl/wp-content/uploads/2012/09/logownopp.jpg" rel="lightbox[9]"><img loading="lazy" decoding="async" class="aligncenter size-medium wp-image-84" title="logownopp" src="http://wsrodnas.pl/wp-content/uploads/2012/09/logownopp-300x145.jpg" alt="" width="300" height="145" srcset="https://wsrodnas.pl/wp-content/uploads/2012/09/logownopp-300x145.jpg 300w, https://wsrodnas.pl/wp-content/uploads/2012/09/logownopp.jpg 949w" sizes="(max-width: 300px) 100vw, 300px" /></a></p>
<p>&nbsp;</p>


<p><a href="https://wsrodnas.pl/wp-content/uploads/2025/07/Standardy_-_wersja_skrocona_dla_maloletnich.pdf" data-type="link" data-id="https://wsrodnas.pl/wp-content/uploads/2025/07/Standardy_-_wersja_skrocona_dla_maloletnich.pdf">Standardy ochrony małoletnich</a></p>

<p>&nbsp; 17 kwietnia 2007r. Stowarzyszenie zostało zarejestrowane i wszczęło swoją działalność. Członkami stowarzyszenia są rodzice i nauczyciele. &nbsp; Do zarządu wybrano: Halina Szulewska &#8211; przewodnicząca Agnieszka Joanna Turowska- wiceprzewodnicząca Ewa Poważa &#8211; sekretarz Iwona Bagińska &#8211; skarbnik Iwona Respondek &#8211; członek Komisję rewizyjną tworzą: Ewa Łoboda &#8211; przewodnicząca Joanna Turkowska -członek Agata Renda &#8211; członek [&hellip;]</p>
