{"id":51,"date":"2012-09-20T09:38:55","date_gmt":"2012-09-20T09:38:55","guid":{"rendered":"http:\/\/wsrodnas.pl\/?page_id=51"},"modified":"2025-07-09T10:43:17","modified_gmt":"2025-07-09T09:43:17","slug":"podaruj-1-podatku","status":"publish","type":"page","link":"https:\/\/wsrodnas.pl\/?page_id=51","title":{"rendered":"Podaruj 1,5% podatku"},"content":{"rendered":"<p><strong>Szanowni\u00a0 Pa\u0144stwo!<\/strong><\/p>\n<p>Z ca\u0142ego serca dzi\u0119kujemy za okazane nam wsparcie w roku 2025, przekazuj\u0105c podatek za rok 2024. Jednocze\u015bnie pragniemy poinformowa\u0107, \u017ce dzi\u0119ki Wam podopieczni naszego Stowarzyszenia mogli ju\u017c mi\u0119dzy innymi: uczestniczy\u0107 w seansach kinowych, w tym kina sferycznego,\u00a0 dogoterapii, wzi\u0105\u0107 udzia\u0142 w wycieczce do\u00a0 Bia\u0142ostockiego Teatru Lalek, do Agroturystyki Biebrza\u0144skiej, Alpak w Sobolach, koncertach Arte &#8211; Muzy z Bia\u0142egostoku, zaj\u0119ciach TUS i zaj\u0119ciach ruchowych, a ich rodzice w grupie wsparcia .\u00a0 Wzi\u0105\u0107 udzia\u0142 w\u00a0 obchodach Dnia Os\u00f3b z Zespo\u0142em Downa &#8211; wystawiaj\u0105c sztuk\u0119 teatraln\u0105 &#8222;Ksi\u0119\u017cniczka si\u0119 nudzi&#8221;,\u00a0 \u00a0Dniu \u015awiadomo\u015bci Autyzmu w formie konkursu plastycznego oraz Niebieskich Igrzysk, mogli\u00a0 uczestniczy\u0107 w 8 dniowych koloniach letnich w Malin\u00f3wce k\/E\u0142ku uczestniczy\u0107 w wyj\u015bciu do Kolei na Klocki, warsztatach r\u0119kodzielniczych w Zak\u0105tku u Ewy i wielu innych przedsi\u0119wzi\u0119ciach.<br \/>Za pieni\u0105dze z Pa\u0144stwa podatk\u00f3w osoby niepe\u0142nosprawne oraz ich rodziny:<br \/>&#8211; wyjad\u0105 na kolejne spotkania z teatrem, muzyk\u0105,<br \/>&#8211; zwiedz\u0105 najciekawsze zak\u0105tki\u00a0 naszego kraju w tym\u00a0 Suwa\u0142ki, Warszaw\u0119, Bia\u0142ystok, E\u0142k, a mo\u017ce te\u017c wyjad\u0105 za granic\u0119<\/p>\n<p>&#8211;\u00a0 b\u0119d\u0105 mogli realizowa\u0107 swoje pasje fotograficzne, filmowe i artystyczne, poprzez uroczyste obchody Dnia Os\u00f3b z Zespo\u0142em Downa,\u00a0 Dnia \u015awiadomo\u015bci Autyzmu i Mi\u0119dzynarodowego Dnia Os\u00f3b Niepe\u0142nosprawnych<\/p>\n<p>&#8211; skorzystaj\u0105 z rehabilitacji w formie hipoterapii, dogoterapii, rehabilitacji ruchowej, treningu umiej\u0119tno\u015bci spo\u0142ecznych<\/p>\n<p>&#8211;\u00a0 wezm\u0105 udzia\u0142 w wypoczynku letnim.<\/p>\n<p><strong>Prosimy: Podarujcie nam 1,5% podatku!!!\u00a0 <\/strong>W swoim zeznaniu PIT wpisuj\u0105c numer KRS <strong><b>0000278437<\/b><\/strong><br \/>Z wyrazami szacunku<br \/>Zarz\u0105d i Cz\u0142onkowie Stowarzyszenia<\/p>\n<p>Nr konta: 96 9351 0000 0019 2297 2000 0010<\/p>\n<p style=\"text-align: center;\">STOWARZYSZENIE PRZYJACI\u00d3\u0141<br \/>ZESPO\u0141U SZK\u00d3\u0141\u00a0 SPECJALNYCH<br \/><b>\u201eW\u015aR\u00d3D NAS\u201d<br \/><\/b>Aleja Kardyna\u0142a Wyszy\u0144skiego 3B<br \/>16 \u2013 300 August\u00f3w<br \/><strong>KRS 0000278437<\/strong><\/p>\n<p style=\"text-align: center;\"><a href=\"http:\/\/wsrodnas.pl\/wp-content\/uploads\/2012\/09\/logownopp.jpg\" rel=\"lightbox[51]\"><img loading=\"lazy\" decoding=\"async\" class=\"aligncenter size-medium wp-image-84\" title=\"logownopp\" src=\"http:\/\/wsrodnas.pl\/wp-content\/uploads\/2012\/09\/logownopp-300x145.jpg\" alt=\"\" width=\"300\" height=\"145\" srcset=\"https:\/\/wsrodnas.pl\/wp-content\/uploads\/2012\/09\/logownopp-300x145.jpg 300w, https:\/\/wsrodnas.pl\/wp-content\/uploads\/2012\/09\/logownopp.jpg 949w\" sizes=\"(max-width: 300px) 100vw, 300px\" \/><\/a><\/p>\n\n\n<p><\/p>\n\n\n\n<p><\/p>\n\n\n\n<p>Sprawozdania:<\/p>\n\n\n\n<p><a href=\"https:\/\/wsrodnas.pl\/wp-content\/uploads\/2025\/07\/BalanceSheet201768170.pdf\">Bilans OPP za 2024 rok<\/a><\/p>\n\n\n\n<p><a href=\"https:\/\/wsrodnas.pl\/wp-content\/uploads\/2025\/07\/ProfitAndLoss201768169.pdf\">Rachunek zysk\u00f3w i strat OPP 2024 rok<\/a><\/p>\n\n\n\n<p><a href=\"https:\/\/wsrodnas.pl\/wp-content\/uploads\/2025\/07\/ReportEssentialSimple201831084.pdf\">Sprawozdanie OPP za 2024 rok<\/a><\/p>\n","protected":false},"excerpt":{"rendered":"<p>Szanowni\u00a0 Pa\u0144stwo! Z ca\u0142ego serca dzi\u0119kujemy za okazane nam wsparcie w roku 2025, przekazuj\u0105c podatek za rok 2024. Jednocze\u015bnie pragniemy poinformowa\u0107, \u017ce dzi\u0119ki Wam podopieczni naszego Stowarzyszenia mogli ju\u017c mi\u0119dzy innymi: uczestniczy\u0107 w seansach kinowych, w tym kina sferycznego,\u00a0 dogoterapii, wzi\u0105\u0107 udzia\u0142 w wycieczce do\u00a0 Bia\u0142ostockiego Teatru Lalek, do Agroturystyki Biebrza\u0144skiej, Alpak w Sobolach, koncertach [&hellip;]<\/p>\n","protected":false},"author":1,"featured_media":52,"parent":0,"menu_order":0,"comment_status":"open","ping_status":"open","template":"","meta":{"footnotes":""},"_links":{"self":[{"href":"https:\/\/wsrodnas.pl\/index.php?rest_route=\/wp\/v2\/pages\/51"}],"collection":[{"href":"https:\/\/wsrodnas.pl\/index.php?rest_route=\/wp\/v2\/pages"}],"about":[{"href":"https:\/\/wsrodnas.pl\/index.php?rest_route=\/wp\/v2\/types\/page"}],"author":[{"embeddable":true,"href":"https:\/\/wsrodnas.pl\/index.php?rest_route=\/wp\/v2\/users\/1"}],"replies":[{"embeddable":true,"href":"https:\/\/wsrodnas.pl\/index.php?rest_route=%2Fwp%2Fv2%2Fcomments&post=51"}],"version-history":[{"count":8,"href":"https:\/\/wsrodnas.pl\/index.php?rest_route=\/wp\/v2\/pages\/51\/revisions"}],"predecessor-version":[{"id":1787,"href":"https:\/\/wsrodnas.pl\/index.php?rest_route=\/wp\/v2\/pages\/51\/revisions\/1787"}],"wp:featuredmedia":[{"embeddable":true,"href":"https:\/\/wsrodnas.pl\/index.php?rest_route=\/wp\/v2\/media\/52"}],"wp:attachment":[{"href":"https:\/\/wsrodnas.pl\/index.php?rest_route=%2Fwp%2Fv2%2Fmedia&parent=51"}],"curies":[{"name":"wp","href":"https:\/\/api.w.org\/{rel}","templated":true}]}}

<p><strong>Szanowni  Państwo!</strong></p>
<p>Z całego serca dziękujemy za okazane nam wsparcie w roku 2025, przekazując podatek za rok 2024. Jednocześnie pragniemy poinformować, że dzięki Wam podopieczni naszego Stowarzyszenia mogli już między innymi: uczestniczyć w seansach kinowych, w tym kina sferycznego,  dogoterapii, wziąć udział w wycieczce do  Białostockiego Teatru Lalek, do Agroturystyki Biebrzańskiej, Alpak w Sobolach, koncertach Arte &#8211; Muzy z Białegostoku, zajęciach TUS i zajęciach ruchowych, a ich rodzice w grupie wsparcia .  Wziąć udział w  obchodach Dnia Osób z Zespołem Downa &#8211; wystawiając sztukę teatralną &#8222;Księżniczka się nudzi&#8221;,   Dniu Świadomości Autyzmu w formie konkursu plastycznego oraz Niebieskich Igrzysk, mogli  uczestniczyć w 8 dniowych koloniach letnich w Malinówce k/Ełku uczestniczyć w wyjściu do Kolei na Klocki, warsztatach rękodzielniczych w Zakątku u Ewy i wielu innych przedsięwzięciach.<br />Za pieniądze z Państwa podatków osoby niepełnosprawne oraz ich rodziny:<br />&#8211; wyjadą na kolejne spotkania z teatrem, muzyką,<br />&#8211; zwiedzą najciekawsze zakątki  naszego kraju w tym  Suwałki, Warszawę, Białystok, Ełk, a może też wyjadą za granicę</p>
<p>&#8211;  będą mogli realizować swoje pasje fotograficzne, filmowe i artystyczne, poprzez uroczyste obchody Dnia Osób z Zespołem Downa,  Dnia Świadomości Autyzmu i Międzynarodowego Dnia Osób Niepełnosprawnych</p>
<p>&#8211; skorzystają z rehabilitacji w formie hipoterapii, dogoterapii, rehabilitacji ruchowej, treningu umiejętności społecznych</p>
<p>&#8211;  wezmą udział w wypoczynku letnim.</p>
<p><strong>Prosimy: Podarujcie nam 1,5% podatku!!!  </strong>W swoim zeznaniu PIT wpisując numer KRS <strong><b>0000278437</b></strong><br />Z wyrazami szacunku<br />Zarząd i Członkowie Stowarzyszenia</p>
<p>Nr konta: 96 9351 0000 0019 2297 2000 0010</p>
<p style="text-align: center;">STOWARZYSZENIE PRZYJACIÓŁ<br />ZESPOŁU SZKÓŁ  SPECJALNYCH<br /><b>„WŚRÓD NAS”<br /></b>Aleja Kardynała Wyszyńskiego 3B<br />16 – 300 Augustów<br /><strong>KRS 0000278437</strong></p>
<p style="text-align: center;"><a href="http://wsrodnas.pl/wp-content/uploads/2012/09/logownopp.jpg" rel="lightbox[51]"><img loading="lazy" decoding="async" class="aligncenter size-medium wp-image-84" title="logownopp" src="http://wsrodnas.pl/wp-content/uploads/2012/09/logownopp-300x145.jpg" alt="" width="300" height="145" srcset="https://wsrodnas.pl/wp-content/uploads/2012/09/logownopp-300x145.jpg 300w, https://wsrodnas.pl/wp-content/uploads/2012/09/logownopp.jpg 949w" sizes="(max-width: 300px) 100vw, 300px" /></a></p>


<p></p>



<p></p>



<p>Sprawozdania:</p>



<p><a href="https://wsrodnas.pl/wp-content/uploads/2025/07/BalanceSheet201768170.pdf">Bilans OPP za 2024 rok</a></p>



<p><a href="https://wsrodnas.pl/wp-content/uploads/2025/07/ProfitAndLoss201768169.pdf">Rachunek zysków i strat OPP 2024 rok</a></p>



<p><a href="https://wsrodnas.pl/wp-content/uploads/2025/07/ReportEssentialSimple201831084.pdf">Sprawozdanie OPP za 2024 rok</a></p>

<p>Szanowni  Państwo! Z całego serca dziękujemy za okazane nam wsparcie w roku 2025, przekazując podatek za rok 2024. Jednocześnie pragniemy poinformować, że dzięki Wam podopieczni naszego Stowarzyszenia mogli już między innymi: uczestniczyć w seansach kinowych, w tym kina sferycznego,  dogoterapii, wziąć udział w wycieczce do  Białostockiego Teatru Lalek, do Agroturystyki Biebrzańskiej, Alpak w Sobolach, koncertach [&hellip;]</p>
